{"id":134,"date":"2018-12-28T09:24:08","date_gmt":"2018-12-28T08:24:08","guid":{"rendered":"http:\/\/xn--feuerwehr-bersaxen-v6b.at\/?page_id=134"},"modified":"2025-03-02T16:04:02","modified_gmt":"2025-03-02T15:04:02","slug":"ausschuss","status":"publish","type":"page","link":"https:\/\/xn--feuerwehr-bersaxen-v6b.at\/index.php\/die-feuerwehr\/ausschuss\/","title":{"rendered":"Ausschuss"},"content":{"rendered":"<p><span style=\"font-family: arial, helvetica, sans-serif; font-size: 12pt;\">Der Ausschuss der Feuerwehr \u00dcbersaxen besteht aus dem Kommandanten, dem Kommandant-Stellvertreter, dem Zugskommandant, dem Kassier, dem Schriftf\u00fchrer und aus zwei Gruppenkommandanten. Der Kommandant wird alle 3 Jahre in seine Funktion von den Mitgliedern der Feuerwehr gew\u00e4hlt. Der Kommandant Stv., der Zugskommandant sowie die Dienstgrade (Oberl\u00f6schmeister und L\u00f6schmeister) werden dann vom jeweiligen gew\u00e4hlten Kommandanten f\u00fcr diese Funktionsperiode ernannt.<\/span><\/p>\n<p>&nbsp;<\/p>\n<table style=\"height: 321px; width: 252px;\" border=\"0\">\n<tbody>\n<tr style=\"height: 321px;\">\n<td style=\"width: 225px; height: 321px;\"><img loading=\"lazy\" decoding=\"async\" class=\"aligncenter wp-image-2124 size-large\" src=\"https:\/\/xn--feuerwehr-bersaxen-v6b.at\/wp-content\/uploads\/2025\/03\/Fritsch-Matthias_1-838x1024.jpg\" alt=\"\" width=\"838\" height=\"1024\" srcset=\"https:\/\/xn--feuerwehr-bersaxen-v6b.at\/wp-content\/uploads\/2025\/03\/Fritsch-Matthias_1-838x1024.jpg 838w, https:\/\/xn--feuerwehr-bersaxen-v6b.at\/wp-content\/uploads\/2025\/03\/Fritsch-Matthias_1-246x300.jpg 246w, https:\/\/xn--feuerwehr-bersaxen-v6b.at\/wp-content\/uploads\/2025\/03\/Fritsch-Matthias_1-768x938.jpg 768w, https:\/\/xn--feuerwehr-bersaxen-v6b.at\/wp-content\/uploads\/2025\/03\/Fritsch-Matthias_1-1257x1536.jpg 1257w, https:\/\/xn--feuerwehr-bersaxen-v6b.at\/wp-content\/uploads\/2025\/03\/Fritsch-Matthias_1-1676x2048.jpg 1676w\" sizes=\"auto, (max-width: 838px) 100vw, 838px\" \/><\/p>\n<p style=\"text-align: center;\"><span style=\"font-family: arial, helvetica, sans-serif; font-size: 14pt;\"><strong>Kommandant<\/strong><\/span><br \/>\n<span style=\"font-family: arial, helvetica, sans-serif; font-size: 14pt;\">Fritsch Matthias<\/span><\/p>\n<\/td>\n<\/tr>\n<\/tbody>\n<\/table>\n<table style=\"height: 473px; width: 756px;\" border=\"0\">\n<tbody>\n<tr style=\"height: 321px;\">\n<td style=\"width: 225px; height: 110px;\">\n<p style=\"text-align: center;\"><img loading=\"lazy\" decoding=\"async\" class=\"aligncenter wp-image-2123 size-large\" src=\"https:\/\/xn--feuerwehr-bersaxen-v6b.at\/wp-content\/uploads\/2025\/03\/Fritsch-Stefan-824x1024.jpg\" alt=\"\" width=\"824\" height=\"1024\" srcset=\"https:\/\/xn--feuerwehr-bersaxen-v6b.at\/wp-content\/uploads\/2025\/03\/Fritsch-Stefan-824x1024.jpg 824w, https:\/\/xn--feuerwehr-bersaxen-v6b.at\/wp-content\/uploads\/2025\/03\/Fritsch-Stefan-241x300.jpg 241w, https:\/\/xn--feuerwehr-bersaxen-v6b.at\/wp-content\/uploads\/2025\/03\/Fritsch-Stefan-768x954.jpg 768w, https:\/\/xn--feuerwehr-bersaxen-v6b.at\/wp-content\/uploads\/2025\/03\/Fritsch-Stefan-1236x1536.jpg 1236w, https:\/\/xn--feuerwehr-bersaxen-v6b.at\/wp-content\/uploads\/2025\/03\/Fritsch-Stefan-1649x2048.jpg 1649w\" sizes=\"auto, (max-width: 824px) 100vw, 824px\" \/><strong><span style=\"font-family: arial, helvetica, sans-serif; font-size: 14pt;\">Kommandant Stv.<\/span><\/strong><br \/>\n<span style=\"font-family: arial, helvetica, sans-serif; font-size: 14pt;\">Fritsch Stefan<\/span><\/p>\n<\/td>\n<td style=\"width: 225px; height: 110px;\">\n<p style=\"text-align: center;\"><img loading=\"lazy\" decoding=\"async\" class=\"aligncenter wp-image-2104 size-large\" src=\"https:\/\/xn--feuerwehr-bersaxen-v6b.at\/wp-content\/uploads\/2025\/03\/Vogt-Emanuel-787x1024.jpg\" alt=\"\" width=\"787\" height=\"1024\" srcset=\"https:\/\/xn--feuerwehr-bersaxen-v6b.at\/wp-content\/uploads\/2025\/03\/Vogt-Emanuel-787x1024.jpg 787w, https:\/\/xn--feuerwehr-bersaxen-v6b.at\/wp-content\/uploads\/2025\/03\/Vogt-Emanuel-231x300.jpg 231w, https:\/\/xn--feuerwehr-bersaxen-v6b.at\/wp-content\/uploads\/2025\/03\/Vogt-Emanuel-768x999.jpg 768w, https:\/\/xn--feuerwehr-bersaxen-v6b.at\/wp-content\/uploads\/2025\/03\/Vogt-Emanuel-1181x1536.jpg 1181w, https:\/\/xn--feuerwehr-bersaxen-v6b.at\/wp-content\/uploads\/2025\/03\/Vogt-Emanuel-1575x2048.jpg 1575w, https:\/\/xn--feuerwehr-bersaxen-v6b.at\/wp-content\/uploads\/2025\/03\/Vogt-Emanuel-scaled.jpg 1968w\" sizes=\"auto, (max-width: 787px) 100vw, 787px\" \/><span style=\"font-size: 14pt; font-family: arial, helvetica, sans-serif;\"><strong>Zugskommandant<\/strong><\/span><br \/>\n<span style=\"font-family: arial, helvetica, sans-serif; font-size: 14pt;\">Vogt Emanuel<\/span><\/p>\n<\/td>\n<td style=\"width: 225px; height: 110px;\">\n<p style=\"text-align: center;\"><img loading=\"lazy\" decoding=\"async\" class=\"aligncenter wp-image-2109 size-large\" src=\"https:\/\/xn--feuerwehr-bersaxen-v6b.at\/wp-content\/uploads\/2025\/03\/Steiner-Hanna-scaled-e1740926559622-775x1024.jpg\" alt=\"\" width=\"775\" height=\"1024\" srcset=\"https:\/\/xn--feuerwehr-bersaxen-v6b.at\/wp-content\/uploads\/2025\/03\/Steiner-Hanna-scaled-e1740926559622-775x1024.jpg 775w, https:\/\/xn--feuerwehr-bersaxen-v6b.at\/wp-content\/uploads\/2025\/03\/Steiner-Hanna-scaled-e1740926559622-227x300.jpg 227w, https:\/\/xn--feuerwehr-bersaxen-v6b.at\/wp-content\/uploads\/2025\/03\/Steiner-Hanna-scaled-e1740926559622-768x1015.jpg 768w, https:\/\/xn--feuerwehr-bersaxen-v6b.at\/wp-content\/uploads\/2025\/03\/Steiner-Hanna-scaled-e1740926559622-1163x1536.jpg 1163w, https:\/\/xn--feuerwehr-bersaxen-v6b.at\/wp-content\/uploads\/2025\/03\/Steiner-Hanna-scaled-e1740926559622-1550x2048.jpg 1550w, https:\/\/xn--feuerwehr-bersaxen-v6b.at\/wp-content\/uploads\/2025\/03\/Steiner-Hanna-scaled-e1740926559622.jpg 1715w\" sizes=\"auto, (max-width: 775px) 100vw, 775px\" \/><span style=\"font-size: 14pt; font-family: arial, helvetica, sans-serif;\"><strong>Schriftf\u00fchrerin<\/strong><\/span><br \/>\n<span style=\"font-family: arial, helvetica, sans-serif; font-size: 14pt;\">Steiner Hanna<br \/>\n<\/span><\/p>\n<\/td>\n<\/tr>\n<tr style=\"height: 363px;\">\n<td style=\"width: 225px; height: 363px;\">\n<p style=\"text-align: center;\"><img loading=\"lazy\" decoding=\"async\" class=\"aligncenter wp-image-2105 size-large\" src=\"https:\/\/xn--feuerwehr-bersaxen-v6b.at\/wp-content\/uploads\/2025\/03\/Vith-Wolfgang-scaled-e1740926607265-790x1024.jpg\" alt=\"\" width=\"790\" height=\"1024\" srcset=\"https:\/\/xn--feuerwehr-bersaxen-v6b.at\/wp-content\/uploads\/2025\/03\/Vith-Wolfgang-scaled-e1740926607265-790x1024.jpg 790w, https:\/\/xn--feuerwehr-bersaxen-v6b.at\/wp-content\/uploads\/2025\/03\/Vith-Wolfgang-scaled-e1740926607265-231x300.jpg 231w, https:\/\/xn--feuerwehr-bersaxen-v6b.at\/wp-content\/uploads\/2025\/03\/Vith-Wolfgang-scaled-e1740926607265-768x996.jpg 768w, https:\/\/xn--feuerwehr-bersaxen-v6b.at\/wp-content\/uploads\/2025\/03\/Vith-Wolfgang-scaled-e1740926607265-1185x1536.jpg 1185w, https:\/\/xn--feuerwehr-bersaxen-v6b.at\/wp-content\/uploads\/2025\/03\/Vith-Wolfgang-scaled-e1740926607265-1580x2048.jpg 1580w, https:\/\/xn--feuerwehr-bersaxen-v6b.at\/wp-content\/uploads\/2025\/03\/Vith-Wolfgang-scaled-e1740926607265.jpg 1859w\" sizes=\"auto, (max-width: 790px) 100vw, 790px\" \/><strong><span style=\"font-family: arial, helvetica, sans-serif; font-size: 14pt;\">Kassier<\/span><\/strong><br \/>\n<span style=\"font-family: arial, helvetica, sans-serif; font-size: 14pt;\">Vith Wolfgang<\/span><\/p>\n<\/td>\n<td style=\"width: 225px; height: 363px;\">\n<p style=\"text-align: center;\"><img loading=\"lazy\" decoding=\"async\" class=\"aligncenter wp-image-2128 size-large\" src=\"https:\/\/xn--feuerwehr-bersaxen-v6b.at\/wp-content\/uploads\/2025\/03\/Breuss-Wolfgang-scaled-e1740925915474-777x1024.jpg\" alt=\"\" width=\"777\" height=\"1024\" srcset=\"https:\/\/xn--feuerwehr-bersaxen-v6b.at\/wp-content\/uploads\/2025\/03\/Breuss-Wolfgang-scaled-e1740925915474-777x1024.jpg 777w, https:\/\/xn--feuerwehr-bersaxen-v6b.at\/wp-content\/uploads\/2025\/03\/Breuss-Wolfgang-scaled-e1740925915474-228x300.jpg 228w, https:\/\/xn--feuerwehr-bersaxen-v6b.at\/wp-content\/uploads\/2025\/03\/Breuss-Wolfgang-scaled-e1740925915474-768x1012.jpg 768w, https:\/\/xn--feuerwehr-bersaxen-v6b.at\/wp-content\/uploads\/2025\/03\/Breuss-Wolfgang-scaled-e1740925915474-1165x1536.jpg 1165w, https:\/\/xn--feuerwehr-bersaxen-v6b.at\/wp-content\/uploads\/2025\/03\/Breuss-Wolfgang-scaled-e1740925915474-1554x2048.jpg 1554w, https:\/\/xn--feuerwehr-bersaxen-v6b.at\/wp-content\/uploads\/2025\/03\/Breuss-Wolfgang-scaled-e1740925915474.jpg 1720w\" sizes=\"auto, (max-width: 777px) 100vw, 777px\" \/><strong><span style=\"font-family: arial, helvetica, sans-serif; font-size: 14pt;\">Gruppenkommandant<\/span><\/strong><br \/>\n<span style=\"font-family: arial, helvetica, sans-serif; font-size: 14pt;\">Breuss Wolfgang<br \/>\n<\/span><\/p>\n<\/td>\n<td style=\"width: 225px; height: 363px;\">\n<p style=\"text-align: center;\"><img loading=\"lazy\" decoding=\"async\" class=\"aligncenter wp-image-2122 size-large\" src=\"https:\/\/xn--feuerwehr-bersaxen-v6b.at\/wp-content\/uploads\/2025\/03\/Huber-Andre-788x1024.jpg\" alt=\"\" width=\"788\" height=\"1024\" srcset=\"https:\/\/xn--feuerwehr-bersaxen-v6b.at\/wp-content\/uploads\/2025\/03\/Huber-Andre-788x1024.jpg 788w, https:\/\/xn--feuerwehr-bersaxen-v6b.at\/wp-content\/uploads\/2025\/03\/Huber-Andre-231x300.jpg 231w, https:\/\/xn--feuerwehr-bersaxen-v6b.at\/wp-content\/uploads\/2025\/03\/Huber-Andre-768x997.jpg 768w, https:\/\/xn--feuerwehr-bersaxen-v6b.at\/wp-content\/uploads\/2025\/03\/Huber-Andre-1183x1536.jpg 1183w, https:\/\/xn--feuerwehr-bersaxen-v6b.at\/wp-content\/uploads\/2025\/03\/Huber-Andre-1577x2048.jpg 1577w, https:\/\/xn--feuerwehr-bersaxen-v6b.at\/wp-content\/uploads\/2025\/03\/Huber-Andre-scaled.jpg 1971w\" sizes=\"auto, (max-width: 788px) 100vw, 788px\" \/><strong><span style=\"font-family: arial, helvetica, sans-serif; font-size: 14pt;\">Gruppenkommandant<\/span><\/strong><br \/>\n<span style=\"font-family: arial, helvetica, sans-serif; font-size: 14pt;\">Huber Andre<\/span><\/p>\n<\/td>\n<\/tr>\n<\/tbody>\n<\/table>\n","protected":false},"excerpt":{"rendered":"<p>Der Ausschuss der Feuerwehr \u00dcbersaxen besteht aus dem Kommandanten, dem Kommandant-Stellvertreter, dem Zugskommandant, dem Kassier, dem Schriftf\u00fchrer und aus zwei Gruppenkommandanten. Der Kommandant wird alle 3 Jahre in seine Funktion von den Mitgliedern der Feuerwehr gew\u00e4hlt. Der Kommandant Stv., der Zugskommandant sowie die Dienstgrade (Oberl\u00f6schmeister und L\u00f6schmeister) werden dann vom jeweiligen gew\u00e4hlten Kommandanten f\u00fcr diese Funktionsperiode ernannt. &nbsp; Kommandant Fritsch<\/p>\n","protected":false},"author":1,"featured_media":0,"parent":129,"menu_order":1,"comment_status":"closed","ping_status":"closed","template":"","meta":{"ngg_post_thumbnail":0,"footnotes":""},"class_list":["post-134","page","type-page","status-publish","hentry"],"_links":{"self":[{"href":"https:\/\/xn--feuerwehr-bersaxen-v6b.at\/index.php\/wp-json\/wp\/v2\/pages\/134","targetHints":{"allow":["GET"]}}],"collection":[{"href":"https:\/\/xn--feuerwehr-bersaxen-v6b.at\/index.php\/wp-json\/wp\/v2\/pages"}],"about":[{"href":"https:\/\/xn--feuerwehr-bersaxen-v6b.at\/index.php\/wp-json\/wp\/v2\/types\/page"}],"author":[{"embeddable":true,"href":"https:\/\/xn--feuerwehr-bersaxen-v6b.at\/index.php\/wp-json\/wp\/v2\/users\/1"}],"replies":[{"embeddable":true,"href":"https:\/\/xn--feuerwehr-bersaxen-v6b.at\/index.php\/wp-json\/wp\/v2\/comments?post=134"}],"version-history":[{"count":29,"href":"https:\/\/xn--feuerwehr-bersaxen-v6b.at\/index.php\/wp-json\/wp\/v2\/pages\/134\/revisions"}],"predecessor-version":[{"id":2144,"href":"https:\/\/xn--feuerwehr-bersaxen-v6b.at\/index.php\/wp-json\/wp\/v2\/pages\/134\/revisions\/2144"}],"up":[{"embeddable":true,"href":"https:\/\/xn--feuerwehr-bersaxen-v6b.at\/index.php\/wp-json\/wp\/v2\/pages\/129"}],"wp:attachment":[{"href":"https:\/\/xn--feuerwehr-bersaxen-v6b.at\/index.php\/wp-json\/wp\/v2\/media?parent=134"}],"curies":[{"name":"wp","href":"https:\/\/api.w.org\/{rel}","templated":true}]}}