{"id":180,"date":"2018-12-28T09:42:25","date_gmt":"2018-12-28T08:42:25","guid":{"rendered":"http:\/\/xn--feuerwehr-bersaxen-v6b.at\/?page_id=180"},"modified":"2025-03-02T16:31:20","modified_gmt":"2025-03-02T15:31:20","slug":"kontakt-2","status":"publish","type":"page","link":"https:\/\/xn--feuerwehr-bersaxen-v6b.at\/index.php\/kontakt-2\/","title":{"rendered":"Kontakt"},"content":{"rendered":"<p><img loading=\"lazy\" decoding=\"async\" class=\"alignleft wp-image-2083\" src=\"https:\/\/xn--feuerwehr-bersaxen-v6b.at\/wp-content\/uploads\/2025\/03\/Logo_FW_Uebersaxen_Black_untereinander.jpg\" alt=\"\" width=\"249\" height=\"250\" srcset=\"https:\/\/xn--feuerwehr-bersaxen-v6b.at\/wp-content\/uploads\/2025\/03\/Logo_FW_Uebersaxen_Black_untereinander.jpg 449w, https:\/\/xn--feuerwehr-bersaxen-v6b.at\/wp-content\/uploads\/2025\/03\/Logo_FW_Uebersaxen_Black_untereinander-300x300.jpg 300w, https:\/\/xn--feuerwehr-bersaxen-v6b.at\/wp-content\/uploads\/2025\/03\/Logo_FW_Uebersaxen_Black_untereinander-150x150.jpg 150w, https:\/\/xn--feuerwehr-bersaxen-v6b.at\/wp-content\/uploads\/2025\/03\/Logo_FW_Uebersaxen_Black_untereinander-80x80.jpg 80w\" sizes=\"auto, (max-width: 249px) 100vw, 249px\" \/><\/p>\n<p>&nbsp;<\/p>\n<p><span style=\"font-size: 14pt;\"><strong>Feuerwehr \u00dcbersaxen<\/strong><\/span><\/p>\n<div><span style=\"font-size: 14pt;\">Dorfstra\u00dfe 17<\/span><\/div>\n<div><span style=\"font-size: 14pt;\">6834 \u00dcbersaxen<\/span><\/div>\n<div>&nbsp;<\/div>\n<div><span style=\"font-size: 14pt;\"><strong>Telefon:<\/strong> +43 5522 45557<\/span><\/div>\n<div><span style=\"font-size: 14pt;\"><strong>Telefax:<\/strong> +43 5522 45557<\/span><\/div>\n<div><span style=\"font-size: 14pt;\"><strong>E-mail:<\/strong> <\/span><span style=\"font-size: 14pt;\">feuerwehr.uebersaxen@aon.at<\/span><\/div>\n<div>&nbsp;<\/div>\n<div><span style=\"font-size: 14pt;\"><strong>Hinweis:<\/strong> Feuerwehrhaus nicht durchgehend besetzt<\/span><\/div>\n<p>&nbsp;<\/p>\n<div>\n<hr>\n<\/div>\n<p><img loading=\"lazy\" decoding=\"async\" class=\"alignleft wp-image-2124\" src=\"https:\/\/xn--feuerwehr-bersaxen-v6b.at\/wp-content\/uploads\/2025\/03\/Fritsch-Matthias_1-838x1024.jpg\" alt=\"\" width=\"250\" height=\"305\" srcset=\"https:\/\/xn--feuerwehr-bersaxen-v6b.at\/wp-content\/uploads\/2025\/03\/Fritsch-Matthias_1-838x1024.jpg 838w, https:\/\/xn--feuerwehr-bersaxen-v6b.at\/wp-content\/uploads\/2025\/03\/Fritsch-Matthias_1-246x300.jpg 246w, https:\/\/xn--feuerwehr-bersaxen-v6b.at\/wp-content\/uploads\/2025\/03\/Fritsch-Matthias_1-768x938.jpg 768w, https:\/\/xn--feuerwehr-bersaxen-v6b.at\/wp-content\/uploads\/2025\/03\/Fritsch-Matthias_1-1257x1536.jpg 1257w, https:\/\/xn--feuerwehr-bersaxen-v6b.at\/wp-content\/uploads\/2025\/03\/Fritsch-Matthias_1-1676x2048.jpg 1676w\" sizes=\"auto, (max-width: 250px) 100vw, 250px\" \/><\/p>\n<p>&nbsp;<\/p>\n<p><span style=\"font-size: 14pt;\"><strong>Kommandant<\/strong><\/span><\/p>\n<div>\n<div><span style=\"font-size: 14pt;\">Fritsch Matthias<\/span><\/div>\n<div><span style=\"font-size: 14pt;\">Im Dorf 7<\/span><\/div>\n<div><span style=\"font-size: 14pt;\">6834 \u00dcbersaxen<\/span><\/div>\n<div>&nbsp;<\/div>\n<div><span style=\"font-size: 14pt;\"><strong>Mobil:<\/strong> +43 664 2423235<\/span><\/div>\n<div><span style=\"font-size: 14pt;\"><strong>E-mail:&nbsp;<\/strong><\/span><span style=\"font-size: 14pt;\">Matthias.Fritsch@gmx.at<\/span><\/div>\n<\/div>\n<p>&nbsp;<\/p>\n<p>&nbsp;<\/p>\n<p>&nbsp;<\/p>\n<p>&nbsp;<\/p>\n<hr>\n<p><img loading=\"lazy\" decoding=\"async\" class=\"alignleft wp-image-2123\" src=\"https:\/\/xn--feuerwehr-bersaxen-v6b.at\/wp-content\/uploads\/2025\/03\/Fritsch-Stefan-824x1024.jpg\" alt=\"\" width=\"250\" height=\"311\" srcset=\"https:\/\/xn--feuerwehr-bersaxen-v6b.at\/wp-content\/uploads\/2025\/03\/Fritsch-Stefan-824x1024.jpg 824w, https:\/\/xn--feuerwehr-bersaxen-v6b.at\/wp-content\/uploads\/2025\/03\/Fritsch-Stefan-241x300.jpg 241w, https:\/\/xn--feuerwehr-bersaxen-v6b.at\/wp-content\/uploads\/2025\/03\/Fritsch-Stefan-768x954.jpg 768w, https:\/\/xn--feuerwehr-bersaxen-v6b.at\/wp-content\/uploads\/2025\/03\/Fritsch-Stefan-1236x1536.jpg 1236w, https:\/\/xn--feuerwehr-bersaxen-v6b.at\/wp-content\/uploads\/2025\/03\/Fritsch-Stefan-1649x2048.jpg 1649w\" sizes=\"auto, (max-width: 250px) 100vw, 250px\" \/><\/p>\n<p>&nbsp;<\/p>\n<p><span style=\"font-size: 14pt;\"><strong>Kommandant Stv.<\/strong><\/span><\/p>\n<div><span style=\"font-size: 14pt;\">Fritsch Stefan<\/span><\/div>\n<div><span style=\"font-size: 14pt;\">Schellriemenweg 3<\/span><\/div>\n<div><span style=\"font-size: 14pt;\">6834 \u00dcbersaxen<\/span><\/div>\n<div>&nbsp;<\/div>\n<div><span style=\"font-size: 14pt;\"><strong>Mobil:<\/strong> +43 664 1189534<\/span><\/div>\n<div><span style=\"font-size: 14pt;\"><strong>E-mail: <\/strong><\/span><span style=\"font-size: 14pt;\">fritsch.stefan@gmx.at<\/span><\/div>\n<p>&nbsp;<\/p>\n","protected":false},"excerpt":{"rendered":"<p>&nbsp; Feuerwehr \u00dcbersaxen Dorfstra\u00dfe 17 6834 \u00dcbersaxen &nbsp; Telefon: +43 5522 45557 Telefax: +43 5522 45557 E-mail: feuerwehr.uebersaxen@aon.at &nbsp; Hinweis: Feuerwehrhaus nicht durchgehend besetzt &nbsp; &nbsp; Kommandant Fritsch Matthias Im Dorf 7 6834 \u00dcbersaxen &nbsp; Mobil: +43 664 2423235 E-mail:&nbsp;Matthias.Fritsch@gmx.at &nbsp; &nbsp; &nbsp; &nbsp; &nbsp; Kommandant Stv. Fritsch Stefan Schellriemenweg 3 6834 \u00dcbersaxen &nbsp; Mobil: +43 664 1189534 E-mail: fritsch.stefan@gmx.at<\/p>\n","protected":false},"author":1,"featured_media":0,"parent":0,"menu_order":0,"comment_status":"closed","ping_status":"closed","template":"","meta":{"ngg_post_thumbnail":0,"footnotes":""},"class_list":["post-180","page","type-page","status-publish","hentry"],"_links":{"self":[{"href":"https:\/\/xn--feuerwehr-bersaxen-v6b.at\/index.php\/wp-json\/wp\/v2\/pages\/180","targetHints":{"allow":["GET"]}}],"collection":[{"href":"https:\/\/xn--feuerwehr-bersaxen-v6b.at\/index.php\/wp-json\/wp\/v2\/pages"}],"about":[{"href":"https:\/\/xn--feuerwehr-bersaxen-v6b.at\/index.php\/wp-json\/wp\/v2\/types\/page"}],"author":[{"embeddable":true,"href":"https:\/\/xn--feuerwehr-bersaxen-v6b.at\/index.php\/wp-json\/wp\/v2\/users\/1"}],"replies":[{"embeddable":true,"href":"https:\/\/xn--feuerwehr-bersaxen-v6b.at\/index.php\/wp-json\/wp\/v2\/comments?post=180"}],"version-history":[{"count":17,"href":"https:\/\/xn--feuerwehr-bersaxen-v6b.at\/index.php\/wp-json\/wp\/v2\/pages\/180\/revisions"}],"predecessor-version":[{"id":950,"href":"https:\/\/xn--feuerwehr-bersaxen-v6b.at\/index.php\/wp-json\/wp\/v2\/pages\/180\/revisions\/950"}],"wp:attachment":[{"href":"https:\/\/xn--feuerwehr-bersaxen-v6b.at\/index.php\/wp-json\/wp\/v2\/media?parent=180"}],"curies":[{"name":"wp","href":"https:\/\/api.w.org\/{rel}","templated":true}]}}