{"id":203,"date":"2018-12-28T10:55:15","date_gmt":"2018-12-28T09:55:15","guid":{"rendered":"http:\/\/xn--feuerwehr-bersaxen-v6b.at\/?page_id=203"},"modified":"2019-01-12T12:11:22","modified_gmt":"2019-01-12T11:11:22","slug":"handhabung-von-feuerloeschern","status":"publish","type":"page","link":"https:\/\/xn--feuerwehr-bersaxen-v6b.at\/index.php\/buergerservice-2\/handhabung-von-feuerloeschern\/","title":{"rendered":"Handhabung von Feuerl\u00f6schern"},"content":{"rendered":"<p><span style=\"font-family: arial, helvetica, sans-serif; font-size: 12pt;\">Durch vorbeugende Ma\u00dfnahmen kann man Br\u00e4nde im Haus zwar weitgehendst ausschlie\u00dfen, aber nicht ganz verhindern. Jedes Feuer hat, bedingt durch die Vielzahl brennbarer Stoffe, seine eigenen chemischen Prozesse und Vorg\u00e4nge. Deshalb gibt es keinen Universalfeuerl\u00f6scher f\u00fcr jeden Brand. Wie Sie den Feuerl\u00f6scher im Ernstfall richtig anwenden, erfahren Sie hier:<\/span><\/p>\n<p>&nbsp;<\/p>\n<p>&nbsp;<\/p>\n<p><a href=\"https:\/\/xn--feuerwehr-bersaxen-v6b.at\/wp-content\/uploads\/2019\/01\/Feuerl\u00f6scher.jpg\"><img loading=\"lazy\" decoding=\"async\" class=\"aligncenter size-full wp-image-691\" src=\"https:\/\/xn--feuerwehr-bersaxen-v6b.at\/wp-content\/uploads\/2019\/01\/Feuerl\u00f6scher.jpg\" alt=\"\" width=\"587\" height=\"741\" srcset=\"https:\/\/xn--feuerwehr-bersaxen-v6b.at\/wp-content\/uploads\/2019\/01\/Feuerl\u00f6scher.jpg 587w, https:\/\/xn--feuerwehr-bersaxen-v6b.at\/wp-content\/uploads\/2019\/01\/Feuerl\u00f6scher-238x300.jpg 238w\" sizes=\"auto, (max-width: 587px) 100vw, 587px\" \/><\/a><\/p>\n<div>&nbsp;<\/div>\n","protected":false},"excerpt":{"rendered":"<p>Durch vorbeugende Ma\u00dfnahmen kann man Br\u00e4nde im Haus zwar weitgehendst ausschlie\u00dfen, aber nicht ganz verhindern. Jedes Feuer hat, bedingt durch die Vielzahl brennbarer Stoffe, seine eigenen chemischen Prozesse und Vorg\u00e4nge. Deshalb gibt es keinen Universalfeuerl\u00f6scher f\u00fcr jeden Brand. Wie Sie den Feuerl\u00f6scher im Ernstfall richtig anwenden, erfahren Sie hier: &nbsp; &nbsp; &nbsp;<\/p>\n","protected":false},"author":1,"featured_media":0,"parent":197,"menu_order":2,"comment_status":"closed","ping_status":"closed","template":"","meta":{"ngg_post_thumbnail":0,"footnotes":""},"class_list":["post-203","page","type-page","status-publish","hentry"],"_links":{"self":[{"href":"https:\/\/xn--feuerwehr-bersaxen-v6b.at\/index.php\/wp-json\/wp\/v2\/pages\/203","targetHints":{"allow":["GET"]}}],"collection":[{"href":"https:\/\/xn--feuerwehr-bersaxen-v6b.at\/index.php\/wp-json\/wp\/v2\/pages"}],"about":[{"href":"https:\/\/xn--feuerwehr-bersaxen-v6b.at\/index.php\/wp-json\/wp\/v2\/types\/page"}],"author":[{"embeddable":true,"href":"https:\/\/xn--feuerwehr-bersaxen-v6b.at\/index.php\/wp-json\/wp\/v2\/users\/1"}],"replies":[{"embeddable":true,"href":"https:\/\/xn--feuerwehr-bersaxen-v6b.at\/index.php\/wp-json\/wp\/v2\/comments?post=203"}],"version-history":[{"count":4,"href":"https:\/\/xn--feuerwehr-bersaxen-v6b.at\/index.php\/wp-json\/wp\/v2\/pages\/203\/revisions"}],"predecessor-version":[{"id":953,"href":"https:\/\/xn--feuerwehr-bersaxen-v6b.at\/index.php\/wp-json\/wp\/v2\/pages\/203\/revisions\/953"}],"up":[{"embeddable":true,"href":"https:\/\/xn--feuerwehr-bersaxen-v6b.at\/index.php\/wp-json\/wp\/v2\/pages\/197"}],"wp:attachment":[{"href":"https:\/\/xn--feuerwehr-bersaxen-v6b.at\/index.php\/wp-json\/wp\/v2\/media?parent=203"}],"curies":[{"name":"wp","href":"https:\/\/api.w.org\/{rel}","templated":true}]}}