{"id":309,"date":"2018-12-29T15:38:31","date_gmt":"2018-12-29T14:38:31","guid":{"rendered":"http:\/\/xn--feuerwehr-bersaxen-v6b.at\/?page_id=309"},"modified":"2019-01-11T19:44:13","modified_gmt":"2019-01-11T18:44:13","slug":"mannschaft-2","status":"publish","type":"page","link":"https:\/\/xn--feuerwehr-bersaxen-v6b.at\/index.php\/die-feuerwehr\/mannschaft-2\/","title":{"rendered":"Mannschaft"},"content":{"rendered":"<p><span style=\"font-family: arial, helvetica, sans-serif; font-size: 12pt;\">Die Mannschaft der Feuerwehr \u00dcbersaxen z\u00e4hlt derzeit 33 Aktive Feuerwehrm\u00e4nner, 5 Aktive Feuerwehrfrauen, 5 Ehrenmitglieder und 3 Gastfeuerwehrm\u00e4nner.<\/span><br \/>\n<span style=\"font-family: arial, helvetica, sans-serif; font-size: 12pt;\"> Dies Ergibt einen Mannschaftsstand von 46 Feuerwehrm\u00e4nner\/frauen.<\/span><\/p>\n<div>&nbsp;<\/div>\n<div><span style=\"font-family: arial, helvetica, sans-serif; font-size: 12pt;\">Unsere Mannschaft Gliedert sich wie folgt:<\/span><\/div>\n<ul>\n<li><span style=\"color: #ff0000;\"><a style=\"color: #ff0000;\" href=\"http:\/\/feuerwehr-\u00fcbersaxen.at\/index.php\/die-feuerwehr\/ausschuss\/\"><span style=\"font-family: arial, helvetica, sans-serif; font-size: 12pt;\"><strong>Ausschuss<\/strong><\/span><\/a><\/span><\/li>\n<li><span style=\"color: #ff0000;\"><strong><a style=\"color: #ff0000;\" href=\"http:\/\/feuerwehr-\u00fcbersaxen.at\/index.php\/die-feuerwehr\/mannschaft-2\/mannschaft\/\"><span style=\"font-family: arial, helvetica, sans-serif; font-size: 12pt;\">Aktive<\/span><\/a><\/strong><\/span><\/li>\n<li><strong><a href=\"http:\/\/feuerwehr-\u00fcbersaxen.at\/index.php\/die-feuerwehr\/mannschaft-2\/ehrenmitglieder\/\"><span style=\"font-family: arial, helvetica, sans-serif; font-size: 12pt;\"><span style=\"color: #ff0000;\">Ehrenmitglieder<\/span><\/span><\/a><\/strong><\/li>\n<\/ul>\n<p>&nbsp;<\/p>\n<p>&nbsp;<\/p>\n<p><div id=\"attachment_700\" style=\"width: 810px\" class=\"wp-caption aligncenter\"><a href=\"https:\/\/xn--feuerwehr-bersaxen-v6b.at\/wp-content\/uploads\/2019\/01\/Mannschaftsfoto-2015.jpg\"><img loading=\"lazy\" decoding=\"async\" aria-describedby=\"caption-attachment-700\" class=\"wp-image-700\" src=\"https:\/\/xn--feuerwehr-bersaxen-v6b.at\/wp-content\/uploads\/2019\/01\/Mannschaftsfoto-2015.jpg\" alt=\"\" width=\"800\" height=\"531\" srcset=\"https:\/\/xn--feuerwehr-bersaxen-v6b.at\/wp-content\/uploads\/2019\/01\/Mannschaftsfoto-2015.jpg 4288w, https:\/\/xn--feuerwehr-bersaxen-v6b.at\/wp-content\/uploads\/2019\/01\/Mannschaftsfoto-2015-300x199.jpg 300w, https:\/\/xn--feuerwehr-bersaxen-v6b.at\/wp-content\/uploads\/2019\/01\/Mannschaftsfoto-2015-768x510.jpg 768w, https:\/\/xn--feuerwehr-bersaxen-v6b.at\/wp-content\/uploads\/2019\/01\/Mannschaftsfoto-2015-1024x680.jpg 1024w, https:\/\/xn--feuerwehr-bersaxen-v6b.at\/wp-content\/uploads\/2019\/01\/Mannschaftsfoto-2015-90x60.jpg 90w\" sizes=\"auto, (max-width: 800px) 100vw, 800px\" \/><\/a><p id=\"caption-attachment-700\" class=\"wp-caption-text\"><span style=\"font-size: 14pt; font-family: comic sans ms, sans-serif;\"><strong>Mannschaftsfoto aus dem Jahr 2015<\/strong><\/span><\/p><\/div> <div id=\"attachment_699\" style=\"width: 810px\" class=\"wp-caption aligncenter\"><a href=\"https:\/\/xn--feuerwehr-bersaxen-v6b.at\/wp-content\/uploads\/2019\/01\/Mannschaftsfoto-2013.jpg\"><img loading=\"lazy\" decoding=\"async\" aria-describedby=\"caption-attachment-699\" class=\"wp-image-699\" src=\"https:\/\/xn--feuerwehr-bersaxen-v6b.at\/wp-content\/uploads\/2019\/01\/Mannschaftsfoto-2013.jpg\" alt=\"\" width=\"800\" height=\"536\" srcset=\"https:\/\/xn--feuerwehr-bersaxen-v6b.at\/wp-content\/uploads\/2019\/01\/Mannschaftsfoto-2013.jpg 3872w, https:\/\/xn--feuerwehr-bersaxen-v6b.at\/wp-content\/uploads\/2019\/01\/Mannschaftsfoto-2013-300x201.jpg 300w, https:\/\/xn--feuerwehr-bersaxen-v6b.at\/wp-content\/uploads\/2019\/01\/Mannschaftsfoto-2013-768x514.jpg 768w, https:\/\/xn--feuerwehr-bersaxen-v6b.at\/wp-content\/uploads\/2019\/01\/Mannschaftsfoto-2013-1024x685.jpg 1024w, https:\/\/xn--feuerwehr-bersaxen-v6b.at\/wp-content\/uploads\/2019\/01\/Mannschaftsfoto-2013-90x60.jpg 90w\" sizes=\"auto, (max-width: 800px) 100vw, 800px\" \/><\/a><p id=\"caption-attachment-699\" class=\"wp-caption-text\"><span style=\"font-size: 14pt; font-family: comic sans ms, sans-serif;\"><strong>Mannschaftsfoto aus dem Jahr 2013<\/strong><\/span><\/p><\/div> <div id=\"attachment_698\" style=\"width: 810px\" class=\"wp-caption aligncenter\"><a href=\"https:\/\/xn--feuerwehr-bersaxen-v6b.at\/wp-content\/uploads\/2019\/01\/Mannschaftsfoto-2007.jpg\"><img loading=\"lazy\" decoding=\"async\" aria-describedby=\"caption-attachment-698\" class=\"wp-image-698\" src=\"https:\/\/xn--feuerwehr-bersaxen-v6b.at\/wp-content\/uploads\/2019\/01\/Mannschaftsfoto-2007.jpg\" alt=\"\" width=\"800\" height=\"533\" srcset=\"https:\/\/xn--feuerwehr-bersaxen-v6b.at\/wp-content\/uploads\/2019\/01\/Mannschaftsfoto-2007.jpg 3504w, https:\/\/xn--feuerwehr-bersaxen-v6b.at\/wp-content\/uploads\/2019\/01\/Mannschaftsfoto-2007-300x200.jpg 300w, https:\/\/xn--feuerwehr-bersaxen-v6b.at\/wp-content\/uploads\/2019\/01\/Mannschaftsfoto-2007-768x512.jpg 768w, https:\/\/xn--feuerwehr-bersaxen-v6b.at\/wp-content\/uploads\/2019\/01\/Mannschaftsfoto-2007-1024x683.jpg 1024w, https:\/\/xn--feuerwehr-bersaxen-v6b.at\/wp-content\/uploads\/2019\/01\/Mannschaftsfoto-2007-90x60.jpg 90w\" sizes=\"auto, (max-width: 800px) 100vw, 800px\" \/><\/a><p id=\"caption-attachment-698\" class=\"wp-caption-text\"><strong><span style=\"font-family: comic sans ms, sans-serif; font-size: 14pt;\">Mannschaftsfoto aus dem Jahr 2007<\/span><\/strong><\/p><\/div><\/p>\n","protected":false},"excerpt":{"rendered":"<p>Die Mannschaft der Feuerwehr \u00dcbersaxen z\u00e4hlt derzeit 33 Aktive Feuerwehrm\u00e4nner, 5 Aktive Feuerwehrfrauen, 5 Ehrenmitglieder und 3 Gastfeuerwehrm\u00e4nner. Dies Ergibt einen Mannschaftsstand von 46 Feuerwehrm\u00e4nner\/frauen. &nbsp; Unsere Mannschaft Gliedert sich wie folgt: Ausschuss Aktive Ehrenmitglieder &nbsp; &nbsp;<\/p>\n","protected":false},"author":1,"featured_media":0,"parent":129,"menu_order":2,"comment_status":"closed","ping_status":"closed","template":"","meta":{"ngg_post_thumbnail":0,"footnotes":""},"class_list":["post-309","page","type-page","status-publish","hentry"],"_links":{"self":[{"href":"https:\/\/xn--feuerwehr-bersaxen-v6b.at\/index.php\/wp-json\/wp\/v2\/pages\/309","targetHints":{"allow":["GET"]}}],"collection":[{"href":"https:\/\/xn--feuerwehr-bersaxen-v6b.at\/index.php\/wp-json\/wp\/v2\/pages"}],"about":[{"href":"https:\/\/xn--feuerwehr-bersaxen-v6b.at\/index.php\/wp-json\/wp\/v2\/types\/page"}],"author":[{"embeddable":true,"href":"https:\/\/xn--feuerwehr-bersaxen-v6b.at\/index.php\/wp-json\/wp\/v2\/users\/1"}],"replies":[{"embeddable":true,"href":"https:\/\/xn--feuerwehr-bersaxen-v6b.at\/index.php\/wp-json\/wp\/v2\/comments?post=309"}],"version-history":[{"count":8,"href":"https:\/\/xn--feuerwehr-bersaxen-v6b.at\/index.php\/wp-json\/wp\/v2\/pages\/309\/revisions"}],"predecessor-version":[{"id":897,"href":"https:\/\/xn--feuerwehr-bersaxen-v6b.at\/index.php\/wp-json\/wp\/v2\/pages\/309\/revisions\/897"}],"up":[{"embeddable":true,"href":"https:\/\/xn--feuerwehr-bersaxen-v6b.at\/index.php\/wp-json\/wp\/v2\/pages\/129"}],"wp:attachment":[{"href":"https:\/\/xn--feuerwehr-bersaxen-v6b.at\/index.php\/wp-json\/wp\/v2\/media?parent=309"}],"curies":[{"name":"wp","href":"https:\/\/api.w.org\/{rel}","templated":true}]}}