{"id":331,"date":"2018-12-29T18:16:26","date_gmt":"2018-12-29T17:16:26","guid":{"rendered":"http:\/\/xn--feuerwehr-bersaxen-v6b.at\/?page_id=331"},"modified":"2019-01-12T18:34:03","modified_gmt":"2019-01-12T17:34:03","slug":"brandklassen","status":"publish","type":"page","link":"https:\/\/xn--feuerwehr-bersaxen-v6b.at\/index.php\/buergerservice-2\/brandklassen\/","title":{"rendered":"Brandklassen"},"content":{"rendered":"<p><span style=\"font-family: arial, helvetica, sans-serif; font-size: 12pt;\"><strong>Feuer ist nicht gleich Feuer<\/strong><\/span><\/p>\n<div class=\"\\&quot;ce_headline\"><span style=\"font-size: 12pt;\"><span style=\"font-family: arial, helvetica, sans-serif;\">Nachdem die Ursache von Br\u00e4nden sowie die brennbaren Materialien \u00e4u\u00dferst vielf\u00e4ltig sind, muss stets das richtige L\u00f6schmittel eingesetzt werden. Doch was darf ich womit l\u00f6schen?&nbsp;<\/span><span style=\"font-family: arial, helvetica, sans-serif;\">Um diese Frage zu beantworten sind die brennbaren Stoffe in Brandklassen unterteilt.<\/span><\/span><\/div>\n<div class=\"\\&quot;ce_text\">\n<div><span style=\"font-size: 12pt; font-family: arial, helvetica, sans-serif;\">Jeder Brand ist mit dem richtigen L\u00f6schmittel unter Kontrolle zu bringen. Die Brandklasse ist stets auf dem Feuerl\u00f6scher mit dem jeweiligen Buchstaben und dem dazugeh\u00f6rigen Symbol vermerkt und beschrieben. Befasse Dich vor dem Ernstfall mit dem Feuerl\u00f6scher, damit Du im Brandfall schnell und richtig handeln kannst!<\/span><\/div>\n<\/div>\n<div>&nbsp;<\/div>\n<div>&nbsp;<\/div>\n<div>\n<p><span style=\"font-family: arial, helvetica, sans-serif; font-size: 14pt;\"><strong>BRANDKLASSE A<\/strong><\/span><br \/>\n<span style=\"font-family: arial, helvetica, sans-serif; font-size: 14pt;\">Feste Stoffe<\/span><\/p>\n<\/div>\n<div><a href=\"https:\/\/xn--feuerwehr-bersaxen-v6b.at\/wp-content\/uploads\/2019\/01\/Bk_A.png\"><img loading=\"lazy\" decoding=\"async\" class=\"alignleft wp-image-961\" src=\"https:\/\/xn--feuerwehr-bersaxen-v6b.at\/wp-content\/uploads\/2019\/01\/Bk_A.png\" alt=\"\" width=\"200\" height=\"206\"><\/a><\/div>\n<div>&nbsp;<\/div>\n<div>&nbsp;<\/div>\n<div><strong style=\"font-family: arial, helvetica, sans-serif; font-size: 14pt;\">L\u00f6schmittel:<\/strong><span style=\"font-family: arial, helvetica, sans-serif; font-size: 14pt;\"> Wasser, Schaum, ABC Pulver<\/span><span style=\"font-family: arial, helvetica, sans-serif; font-size: 14pt;\">&nbsp;<\/span><\/div>\n<div><span style=\"font-family: arial, helvetica, sans-serif; font-size: 14pt;\">Zum L\u00f6schen von festen Stoffen, wie zum Beispiel Kohle, Holz &amp; Textilien.<\/span><\/div>\n<div>&nbsp;<\/div>\n<div>&nbsp;<\/div>\n<div>&nbsp;<\/div>\n<div>&nbsp;<\/div>\n<div>&nbsp;<\/div>\n<div>&nbsp;<\/div>\n<div>\n<hr>\n<\/div>\n<div>&nbsp;<\/div>\n<div>\n<p><span style=\"font-family: arial, helvetica, sans-serif; font-size: 14pt;\"><strong>BRANDKLASSE B<\/strong><\/span><br \/>\n<span style=\"font-family: arial, helvetica, sans-serif; font-size: 14pt;\">Fl\u00fcssige Stoffe<\/span><\/p>\n<\/div>\n<div><a href=\"https:\/\/xn--feuerwehr-bersaxen-v6b.at\/wp-content\/uploads\/2019\/01\/Bk_B.jpg\"><img loading=\"lazy\" decoding=\"async\" class=\"alignleft wp-image-962\" src=\"https:\/\/xn--feuerwehr-bersaxen-v6b.at\/wp-content\/uploads\/2019\/01\/Bk_B.jpg\" alt=\"\" width=\"200\" height=\"206\"><\/a><\/div>\n<div><span style=\"font-family: arial, helvetica, sans-serif; font-size: 14pt;\">&nbsp;<\/span><\/div>\n<p><strong style=\"font-family: arial, helvetica, sans-serif; font-size: 18.6667px;\">L\u00f6schmittel:<\/strong><span style=\"font-family: arial, helvetica, sans-serif; font-size: 18.6667px;\">&nbsp;Schau<\/span><span style=\"font-family: arial, helvetica, sans-serif; font-size: 14pt;\">m, ABC Pulver, CO2 L\u00f6scher<\/span><br \/>\n<span style=\"font-family: arial, helvetica, sans-serif; font-size: 14pt;\">Zum L\u00f6schen von fl\u00fcssigen oder fl\u00fcssig werdenden Stoffen, wie zum Beispiel Benzin,&nbsp;<\/span><span style=\"font-family: arial, helvetica, sans-serif; font-size: 14pt;\">Kunststoffe &amp; Harz.<\/span><\/p>\n<p>&nbsp;<\/p>\n<p>&nbsp;<\/p>\n<p>&nbsp;<\/p>\n<p>&nbsp;<\/p>\n<hr>\n<div>&nbsp;<\/div>\n<div class=\"\\&quot;ce_text\">\n<p><span style=\"font-family: arial, helvetica, sans-serif; font-size: 14pt;\"><strong>BRANDKLASSE C<\/strong><\/span><br \/>\n<span style=\"font-family: arial, helvetica, sans-serif; font-size: 14pt;\">Gasf\u00f6rmige&nbsp;Stoffe<\/span><\/p>\n<div><a href=\"https:\/\/xn--feuerwehr-bersaxen-v6b.at\/wp-content\/uploads\/2019\/01\/Bk_C.png\"><img loading=\"lazy\" decoding=\"async\" class=\"alignleft wp-image-963\" src=\"https:\/\/xn--feuerwehr-bersaxen-v6b.at\/wp-content\/uploads\/2019\/01\/Bk_C.png\" alt=\"\" width=\"200\" height=\"207\" srcset=\"https:\/\/xn--feuerwehr-bersaxen-v6b.at\/wp-content\/uploads\/2019\/01\/Bk_C.png 555w, https:\/\/xn--feuerwehr-bersaxen-v6b.at\/wp-content\/uploads\/2019\/01\/Bk_C-290x300.png 290w\" sizes=\"auto, (max-width: 200px) 100vw, 200px\" \/><\/a><\/div>\n<\/div>\n<div>&nbsp;<\/div>\n<div>&nbsp;<\/div>\n<div><strong style=\"font-family: arial, helvetica, sans-serif; font-size: 14pt;\">L\u00f6schmittel:<\/strong><span style=\"font-family: arial, helvetica, sans-serif; font-size: 14pt;\"> ABC Pulver, CO2 L\u00f6scher<\/span><\/div>\n<div><span style=\"font-family: arial, helvetica, sans-serif; font-size: 14pt;\">Zum L\u00f6schen von gasf\u00f6rmigen Stoffen, wie zum Beispiel Propangas, Acetylen &amp; Butan.&nbsp;<\/span><span style=\"font-family: arial, helvetica, sans-serif; font-size: 14pt;\">Gasbr\u00e4nde erst l\u00f6schen, wenn die Zufuhr unterbunden ist, ansonsten str\u00f6mt das Gas unsichtbar aus.<\/span><\/div>\n<p>&nbsp;<\/p>\n<p>&nbsp;<\/p>\n<p>&nbsp;<\/p>\n<hr>\n<p>&nbsp;<\/p>\n<p><span style=\"font-family: arial, helvetica, sans-serif; font-size: 14pt;\"><strong>BRANDKLASSE D<\/strong><\/span><br \/>\n<span style=\"font-family: arial, helvetica, sans-serif; font-size: 14pt;\">Metalle<\/span><\/p>\n<p><a href=\"https:\/\/xn--feuerwehr-bersaxen-v6b.at\/wp-content\/uploads\/2019\/01\/Bk_D.png\"><img loading=\"lazy\" decoding=\"async\" class=\"alignleft wp-image-964\" src=\"https:\/\/xn--feuerwehr-bersaxen-v6b.at\/wp-content\/uploads\/2019\/01\/Bk_D.png\" alt=\"\" width=\"200\" height=\"206\"><\/a><\/p>\n<p>&nbsp;<\/p>\n<p><span style=\"font-family: arial, helvetica, sans-serif; font-size: 14pt;\"><strong>L\u00f6schmittel:<\/strong> Metallbrandpulver, trockener Sand<\/span><br \/>\n<span style=\"font-family: arial, helvetica, sans-serif; font-size: 14pt;\">Zum L\u00f6schen von Metallen, wie zum Beispiel Aluminium, Natrium &amp; Legierungen.<\/span><br \/>\n<span class=\"\\&quot;deep-red\\&quot;\" style=\"font-family: arial, helvetica, sans-serif; font-size: 14pt;\">Metallbr\u00e4nde niemals mit Wasser l\u00f6schen.<\/span><\/p>\n<p>&nbsp;<\/p>\n<p>&nbsp;<\/p>\n<p>&nbsp;<\/p>\n<hr>\n<p>&nbsp;<\/p>\n<p><span style=\"font-family: arial, helvetica, sans-serif; font-size: 14pt;\"><strong>BRANDKLASSE F<\/strong><\/span><br \/>\n<span style=\"font-family: arial, helvetica, sans-serif; font-size: 14pt;\">Fette<\/span><\/p>\n<p><a href=\"https:\/\/xn--feuerwehr-bersaxen-v6b.at\/wp-content\/uploads\/2019\/01\/Bk_F.jpg\"><img loading=\"lazy\" decoding=\"async\" class=\"alignleft wp-image-965\" src=\"https:\/\/xn--feuerwehr-bersaxen-v6b.at\/wp-content\/uploads\/2019\/01\/Bk_F.jpg\" alt=\"\" width=\"200\" height=\"206\"><\/a><\/p>\n<p>&nbsp;<\/p>\n<p><span style=\"font-family: arial, helvetica, sans-serif; font-size: 14pt;\"><strong>L\u00f6schmittel:<\/strong> Fettbrandl\u00f6scher<\/span><br \/>\n<span style=\"font-family: arial, helvetica, sans-serif; font-size: 14pt;\">Zum L\u00f6schen von Fettbr\u00e4nden, wie zum Beispiel Speise\u00f6l.&nbsp;<span class=\"\\&quot;deep-red\\&quot;\">Fettbr\u00e4nde niemals mit Wasser l\u00f6schen.<\/span><\/span><\/p>\n<p>&nbsp;<\/p>\n<p>&nbsp;<\/p>\n<p>&nbsp;<\/p>\n<p>&nbsp;<\/p>\n<p>&nbsp;<\/p>\n<p>&nbsp;<\/p>\n<div class=\"\\&quot;ce_text\">\n<div>&nbsp;<\/div>\n<\/div>\n","protected":false},"excerpt":{"rendered":"<p>Feuer ist nicht gleich Feuer Nachdem die Ursache von Br\u00e4nden sowie die brennbaren Materialien \u00e4u\u00dferst vielf\u00e4ltig sind, muss stets das richtige L\u00f6schmittel eingesetzt werden. Doch was darf ich womit l\u00f6schen?&nbsp;Um diese Frage zu beantworten sind die brennbaren Stoffe in Brandklassen unterteilt. Jeder Brand ist mit dem richtigen L\u00f6schmittel unter Kontrolle zu bringen. Die Brandklasse ist stets auf dem Feuerl\u00f6scher mit<\/p>\n","protected":false},"author":1,"featured_media":0,"parent":197,"menu_order":3,"comment_status":"closed","ping_status":"closed","template":"","meta":{"ngg_post_thumbnail":0,"footnotes":""},"class_list":["post-331","page","type-page","status-publish","hentry"],"_links":{"self":[{"href":"https:\/\/xn--feuerwehr-bersaxen-v6b.at\/index.php\/wp-json\/wp\/v2\/pages\/331","targetHints":{"allow":["GET"]}}],"collection":[{"href":"https:\/\/xn--feuerwehr-bersaxen-v6b.at\/index.php\/wp-json\/wp\/v2\/pages"}],"about":[{"href":"https:\/\/xn--feuerwehr-bersaxen-v6b.at\/index.php\/wp-json\/wp\/v2\/types\/page"}],"author":[{"embeddable":true,"href":"https:\/\/xn--feuerwehr-bersaxen-v6b.at\/index.php\/wp-json\/wp\/v2\/users\/1"}],"replies":[{"embeddable":true,"href":"https:\/\/xn--feuerwehr-bersaxen-v6b.at\/index.php\/wp-json\/wp\/v2\/comments?post=331"}],"version-history":[{"count":7,"href":"https:\/\/xn--feuerwehr-bersaxen-v6b.at\/index.php\/wp-json\/wp\/v2\/pages\/331\/revisions"}],"predecessor-version":[{"id":970,"href":"https:\/\/xn--feuerwehr-bersaxen-v6b.at\/index.php\/wp-json\/wp\/v2\/pages\/331\/revisions\/970"}],"up":[{"embeddable":true,"href":"https:\/\/xn--feuerwehr-bersaxen-v6b.at\/index.php\/wp-json\/wp\/v2\/pages\/197"}],"wp:attachment":[{"href":"https:\/\/xn--feuerwehr-bersaxen-v6b.at\/index.php\/wp-json\/wp\/v2\/media?parent=331"}],"curies":[{"name":"wp","href":"https:\/\/api.w.org\/{rel}","templated":true}]}}